+ a. Let f be o(0). Let u be 97 + -2 - (-4 - f). Calculate the highest common factor of 33 and u.
33
Let o be (1/(-2))/((-1)/(-68)). Let i = 5 - o. Calculate the greatest common factor of 26 and i.
13
Let z(g) be the second derivative of 1/4*g**4 + g + 3/10*g**5 - 1/2*g**3 + 0 + 0*g**2. Let v be z(2). What is the greatest common factor of 6 and v?
6
Suppose -4*g - 9 + 225 = 0. Let q be 92/16 + 1 + (-9)/12. Calculate the highest common factor of g and q.
6
Let g(h) = h - 3. Let l(t) = -4*t + 16. Let k(i) = 16*g(i) + 3*l(i). Let z be k(1). Let d be z/10 - (-978)/30. Calculate the greatest common factor of 22 and d.
11
Suppose -21*r + 10 = -19*r. Calculate the greatest common factor of r and 55.
5
Let v(h) = 2*h**2 + 5*h - 4. Suppose 4*y + 8 + 8 = 0. Let f be v(y). Calculate the greatest common factor of 16 and f.
8
Suppose 15 = 3*l + 2*l. Let o be (l + -2)/(2/20). Calculate the greatest common factor of 25 and o.
5
Suppose 12 = i + 3*i - 4*r, 0 = -2*i - r. Suppose -2*p = k - 50, -p = k - 22 - i. What is the highest common factor of 9 and p?
9
Let x be (-1 - 2)/(3/(-21)). Calculate the greatest common divisor of x and 168.
21
Let i be ((-69)/12)/(2/(-8)). Suppose -z + i = -5*k, -5*z - 2*k + 69 = -4*k. Calculate the highest common factor of 117 and z.
13
Let y = 40 - 29. What is the highest common divisor of 44 and y?
11
Suppose -4*j = -3*u + 10, 10*j + 9 = 2*u + 5*j. Calculate the greatest common factor of 3 and u.
1
Let i(r) = -r**3 + 2*r**2 + 3*r + 2. Let j be i(3). Suppose 2*w - w - 2*x = -4, 0 = -3*w + j*x. What is the highest common factor of w and 14?
2
Let k be ((-10)/2)/(-4 - -3). Calculate the highest common factor of 40 and k.
5
Suppose 21*s - 24*s = -135. What is the highest common factor of 30 and s?
15
Let r(l) = l - 2. Let g be r(6). Suppose m - 115 = -g*m. Calculate the highest common divisor of m and 115.
23
Suppose -3 - 5 = 4*h. Let k be (-2)/(h*3/(-15)). Let j = k - -11. What is the highest common divisor of 6 and j?
6
Let p(a) = -a**3 - a**2 + 3*a + 4. Let t be p(4). Let q = -29 - t. Calculate the highest common divisor of 5 and q.
5
Let j be -3*10/75 + (-252)/(-5). Calculate the greatest common divisor of j and 10.
10
Suppose u - 3 = 1. Let l be (60/(-14))/(27/(-126)). What is the greatest common factor of l and u?
4
Let h(q) = -q**2 - 5*q - 4. Let n be h(-4). Suppose 4*g - i - 27 = n, 3*i + 8 = 5*g - 31. Let b = 7 - 1. What is the highest common divisor of g and b?
6
Let m be ((-4)/10)/((-22)/935). What is the greatest common divisor of m and 51?
17
Let s = -100 + 188. Suppose 0 = 5*j - 79 - 71. Let w = j - 19. What is the highest common divisor of w and s?
11
Let m = -66 + 118. Suppose -16 = -3*r - 2*f, -r + 4*f + 2 + 8 = 0. Suppose -2*s = -r*s + m. What is the highest common divisor of s and 52?
13
Suppose -8*b + 24 = -5*b. Suppose 4*t + b = 4*r, 1 + 21 = 5*r - 2*t. What is the highest common factor of r and 3?
3
Let s = -26 + 59. Let r(z) = 2*z - 12. Let b be r(9). Suppose 0 = 2*q - 4*q + b. Calculate the highest common divisor of q and s.
3
Let a = -11 - -29. What is the greatest common factor of a and 162?
18
Let p = -4 + -3. Let d = p + 57. Calculate the greatest common divisor of d and 10.
10
Let x = 39 + 17. Let a be -1 + (5 - -2) + -1. Suppose -a*h + x = -h. Calculate the highest common divisor of h and 35.
7
Let w(g) = -2*g**3 + 2*g**2 + 2*g - 2. Let h be w(-2). Calculate the greatest common divisor of h and 18.
18
Let z(h) = 13*h - 14. Let m be z(7). What is the greatest common factor of m and 7?
7
Suppose 0 = 8*a - 3*a - 20. Suppose -2*b + 3 + 1 = 0, -b = a*v - 34. Calculate the highest common divisor of v and 12.
4
Suppose 5*p - v + 91 - 783 = 0, -5*v = p - 128. Calculate the greatest common divisor of p and 92.
46
Suppose 2 = -5*o + 12. Suppose -3*n = o*n - 90. Calculate the highest common factor of 12 and n.
6
Let q be (-2)/(-1) - 0 - -3. Suppose 9*k - 4*k = q. Calculate the greatest common divisor of k and 5.
1
Let l = -7 - -13. Suppose 0*f = 4*f - 156. Suppose 4*a - 3*s + s = 102, -2*a = 3*s - f. What is the highest common divisor of a and l?
6
Let s = 36 - 22. Calculate the highest common factor of 154 and s.
14
Let u = 8 - 8. Suppose 3*s = u, 6*z - z + 3*s - 220 = 0. What is the greatest common divisor of 22 and z?
22
Suppose g + 9 = 4*g, 22 = -k + 3*g. Let l = -6 - k. Suppose 126 = 2*i - 0*i. Calculate the highest common divisor of l and i.
7
Suppose 5*v - 125 = -2*d + 110, 3*d - v - 327 = 0. Let r be -1*3/((-12)/64). Suppose -11*q - 110 = -r*q. Calculate the highest common divisor of q and d.
22
Let b = -6 - -14. Suppose -24 = 4*w - b*w. What is the highest common divisor of 66 and w?
6
Suppose 4*q = 4*b - 24, -5*b + 58 = 9*q - 7*q. What is the greatest common factor of b and 160?
10
Let j be -7*(20/(-1))/2. Let l(z) = 8*z**2 + 2*z. Let g be l(-2). Calculate the highest common factor of g and j.
14
Let t = 32 + -23. Let m = t + -4. Suppose 4 = 3*k - m. What is the highest common divisor of 12 and k?
3
Let y = -5 - -15. What is the highest common divisor of 5 and y?
5
Suppose y - 3*g - 110 = 0, 3*y - 6*y + 300 = g. Suppose 3*u - y = -t, 7*u = 3*u + 2*t + 118. What is the highest common divisor of u and 8?
8
Let n = 15 - 10. Let b be (2 + (10 - -1))*n. Suppose -3*l = 2*y - 37 - 9, -2*l - 108 = -4*y. Calculate the highest common divisor of b and y.
13
Let i(d) = 9*d - 8. Let y(w) = -9*w + 8. Let q(c) = -2*i(c) - 3*y(c). Let k be q(8). Suppose 16 = 2*s - 0*s. What is the highest common factor of s and k?
8
Let z be (17/(-34))/((-1)/50). What is the highest common factor of 10 and z?
5
Let c = 42 - 36. Calculate the highest common divisor of 42 and c.
6
Suppose 4*w + p = -p + 402, -309 = -3*w - 4*p. Calculate the greatest common factor of w and 11.
11
Let w = 27 - 0. Let k = -20 + w. What is the greatest common divisor of 35 and k?
7
Let m be (1 + 1)/(-2) + -12. Suppose -5*x = -7*x - 4. Let r = x - m. Calculate the highest common factor of r and 121.
11
Let p(s) = 2*s + 6. Suppose -q - 28 = -4*l + q, 4*q - 9 = -5*l. Let i be p(l). What is the greatest common factor of i and 16?
16
Suppose 3 = 4*h - 1. Suppose -c + 2*c + 23 = 5*o, -2*o - h = 3*c. Suppose k = o*k - 36. What is the highest common factor of k and 108?
12
Suppose -w = -5*k + 9, 5*w - 10 = -2*k + 26. What is the highest common divisor of w and 48?
6
Let q(r) = 18*r. Let l be q(5). Suppose 4*g = -5*v + 90, v + 3*g + l = 6*v. Calculate the greatest common factor of 27 and v.
9
Let i = -27 - -51. What is the greatest common divisor of 120 and i?
24
Let v(t) = -551*t**3 - t**2 + 1. Let b be v(-1). Let o = -380 + b. Let g = o - 121. What is the highest common divisor of g and 10?
10
Suppose -v + o - 56 = -5*v, -3*v + 47 = 2*o. Let b = v - 33. Let c = -4 - b. Calculate the greatest common factor of c and 16.
16
Let f = -6 - -9. Suppose 0 = f*w - 5*w + 192. What is the highest common divisor of w and 12?
12
Let q be 27*-2*(-16)/12. Suppose u = -0*u + q. Calculate the highest common factor of 8 and u.
8
Let u(r) = 22*r + 40*r - 20*r. Let q be u(2). Let p be -12*1/7*-7. What is the greatest common factor of p and q?
12
Let u = 13 + 3. What is the greatest common divisor of 64 and u?
16
Let z = -3 - -1. Let r be 60/6 - (z - 0). What is the highest common divisor of r and 12?
12
Let q = 23 + -16. What is the greatest common divisor of 14 and q?
7
Suppose 9 = 4*x - x. Suppose x*h + h = 0. Suppose 2*t - 47 - 149 = h. What is the highest common divisor of 14 and t?
14
Let p(n) be the first derivative of 3*n**2 - 4*n - 4. Let v be p(3). Calculate the greatest common factor of v and 70.
14
Suppose 2*z + 10 = 28. What is the highest common divisor of 45 and z?
9
Let m be (-1228)/(-14) - (-14)/49. What is the highest common factor of m and 8?
8
Let d(l) = l + 7. Let k be d(-9). Let z be (-1)/(-2) - 97/k. What is the greatest common factor of 7 and z?
7
Let c be (-4)/(-18) + (-16)/(-9). Suppose 2*k = 3*z - 50, -c*k - 14 + 48 = 3*z. Let l = z - -6. Calculate the greatest common factor of 50 and l.
10
Let m = 13 + 5. Let g be 2/8 + 1772/16. Suppose -2*h + 85 = h - 4*p, -4*h + 3*p = -g. Calculate the highest common divisor of m and h.
9
Suppose -2*w + w + 86 = 0. Suppose j - 13 = w. Calculate the greatest common divisor of 9 and j.
9
Suppose a + 2*q = 253, 4*a = -0*